{"id":845,"date":"2013-01-28T18:14:32","date_gmt":"2013-01-28T17:14:32","guid":{"rendered":"https:\/\/www.siah-croult.org\/_old\/?page_id=845"},"modified":"2016-09-28T11:11:49","modified_gmt":"2016-09-28T10:11:49","slug":"genie-vegetal","status":"publish","type":"page","link":"https:\/\/www.siah-croult.org\/_old\/restauration-des-rivieres\/genie-vegetal\/","title":{"rendered":"G\u00e9nie v\u00e9g\u00e9tal"},"content":{"rendered":"<div class=\"col-sm-12\">\n<blockquote>\n<div class=\"p\">Transformer des rivi\u00e8res sensibles \u00e0 l\u2019\u00e9rosion et pauvres d\u2019un point de vue \u00e9cologique en solides cours d\u2019eau propices \u00e0 accueillir une biodiversit\u00e9 durable, tel est l\u2019objectif du SIAH du Croult et du Petit Rosne. Issu du croisement entre plusieurs sciences et savoir-faire, le g\u00e9nie v\u00e9g\u00e9tal est l\u2019un des moyens utilis\u00e9s pour redonner \u00e0 nos cours d\u2019eau leur bonne sant\u00e9.<\/div>\n<\/blockquote>\n<\/div>\n<div class=\"clearfix\"><\/div>\n<hr \/>\n<div class=\"col-sm-6\">\n<h2>La s\u00e9curit\u00e9 au d\u00e9triment de la biodiversit\u00e9<\/h2>\n<div class=\"p\" style=\"text-align: justify;\">Le Croult et le Petit Rosne sont deux rivi\u00e8res de taille modeste. Peu profondes, on y trouve qu\u2019un tr\u00e8s faible \u00e9cosyst\u00e8me, essentiellement compos\u00e9 de la flore locale, quelques insectes et invert\u00e9br\u00e9s. Le poisson est plus que rare, voire inexistant. Les pressions en termes de pollution sont \u00e9normes comparativement \u00e0 la faible taille de ces deux cours d\u2019eau (voir la page qualit\u00e9 de l\u2019eau). De plus, pendant des d\u00e9cennies, la gestion des berges \u00e9tait motiv\u00e9e par le seul souci de favoriser l\u2019\u00e9coulement hydraulique pour r\u00e9duire les risques d\u2019inondations. En effet, l\u2019Est du Val d\u2019Oise a \u00e9t\u00e9 de nombreuses fois victimes d\u2019importantes crues dont le traumatisme a repouss\u00e9 au second plan la notion de biodiversit\u00e9 au d\u00e9triment de la s\u00e9curit\u00e9 des zones urbaines.<\/div>\n<\/div>\n<div class=\"col-sm-6\">\n<img decoding=\"async\" style=\"margin-top: 30px;\" src=\"https:\/\/www.siah-croult.org\/_old\/wp-content\/uploads\/2013\/06\/img_page_genie_vegetal_1.jpg\" class=\"img-responsive\" \/><\/p>\n<div class=\"img-notice\">Exemple de berges entretenues gr\u00e2ce aux techniques de g\u00e9nie v\u00e9g\u00e9tal<\/div>\n<\/div>\n<div class=\"clearfix\"><\/div>\n<div class=\"col-sm-12\">\n<h2>Un changement de politique conjuguant tous les efforts<\/h2>\n<div class=\"p\" style=\"text-align: justify;\">Cette politique a heureusement \u00e9t\u00e9 revue depuis un peu plus de 10 ans. D\u2019une part, les dispositifs de lutte contre les inondations se sont particuli\u00e8rement bien d\u00e9velopp\u00e9s (voir nos diff\u00e9rentes rubriques \u00e0 ce sujet), d\u2019autre part la Directive Cadre Europ\u00e9enne sur l\u2019Eau de 2000 a d\u00e9fini des objectifs clairs, notamment le retour au bon \u00e9tat \u00e9cologique des cours d\u2019eau europ\u00e9ens.<\/div>\n<h3>Qu&rsquo;est-ce que le g\u00e9nie V\u00e9g\u00e9tal ?<\/h3>\n<div class=\"p\" style=\"text-align: justify;\">Le g\u00e9nie v\u00e9g\u00e9tal est une science issue principalement de la botanique et de l\u2019hydraulique et fond\u00e9e sur l\u2019utilisation des v\u00e9g\u00e9taux, principalement pour l\u2019am\u00e9nagement des cours d\u2019eau, dans le but d\u2019en prot\u00e9ger les berges contre l\u2019\u00e9rosion mais \u00e9galement d\u2019en r\u00e9g\u00e9n\u00e9rer la terre. Depuis plusieurs ann\u00e9es, le SIAH privil\u00e9gie ces techniques dans le but de stabiliser les berges du Croult et du Petit Rosne.<\/div>\n<\/div>\n<div class=\"clearfix\"><\/div>\n<div class=\"col-sm-6\">\n<img decoding=\"async\" style=\"margin-top: 30px;\" src=\"https:\/\/www.siah-croult.org\/_old\/wp-content\/uploads\/2013\/06\/img_page_genie_vegetal_2.jpg\" class=\"img-responsive\" \/><\/p>\n<div class=\"img-notice\">Le saule est souvent choisi pour sa vitesse de croissance et sa souplesse<\/div>\n<\/div>\n<div class=\"col-sm-6\">\n<h2>Vers le bon \u00e9tat \u00e9cologique<\/h2>\n<div class=\"p\" style=\"text-align: justify;\">Mais ce n\u2019est pas le seul objectif : l\u2019utilisation de ces techniques permet \u00e9galement de r\u00e9tablir les bases n\u00e9cessaires \u00e0 la pr\u00e9sence d\u2019une biodiversit\u00e9. En effet, la pr\u00e9sence de v\u00e9g\u00e9taux judicieusement s\u00e9lectionn\u00e9s et implant\u00e9s offre de nombreuses possibilit\u00e9s d\u2019adaptation \u00e0 la faune et la flore (sites de reproduction par exemple).<\/div>\n<div class=\"p\" style=\"text-align: justify;\">De plus, une grande part des v\u00e9g\u00e9taux utilis\u00e9s dans le cadre du g\u00e9nie v\u00e9g\u00e9tal ont \u00e9t\u00e9 s\u00e9lectionn\u00e9s pour leur effet d\u00e9polluant (captage des nitrates par exemple). Tous les ans, plusieurs dizaines de m\u00e8tres de berges sont ainsi r\u00e9am\u00e9nag\u00e9s.<\/div>\n<div class=\"clearfix\"><\/div>\n<h3>Une technique encore exp\u00e9rimentale<\/h3>\n<div class=\"p\" style=\"text-align: justify;\">M\u00eame si les techniques regroup\u00e9es sous l\u2019appellation \u00ab\u00a0g\u00e9nie v\u00e9g\u00e9tal\u00a0\u00bb ne sont pas forc\u00e9ment in\u00e9dites, il s\u2019av\u00e8re qu\u2019en fonction du site, les r\u00e9actions du milieu naturel peuvent diff\u00e9rer, rendant l\u2019utilisation du g\u00e9nie v\u00e9g\u00e9tal pour une grande part encore exp\u00e9rimentale voire exploratoire.<\/div>\n<\/div>\n    <div class=\"clearfix\"><\/div>\n    <hr class=\"special\">\n    <div class=\"col-sm-12 col-parent-list-container\">\n        <h2 class=\"text-center\">Vous pouvez \u00e9galement consulter les pages suivantes<\/h2>\n        <div class=\"clearfix\"><\/div>\n        <div class=\"row\">\n                           <div class=\"col-xs-6 col-sm-3 col-parent-list\">\n                    <div class=\"element\">\n                        <a href=\"https:\/\/www.siah-croult.org\/_old\/restauration-des-rivieres\/\">\n                            <div class=\"thumbnail\" style=\"background-image: url('https:\/\/www.siah-croult.org\/_old\/wp-content\/uploads\/2013\/06\/img_page_restaurationriviere.png')\"><\/div>\n                        <\/a>\n                        <div class=\"title\"><a href=\"https:\/\/www.siah-croult.org\/_old\/restauration-des-rivieres\/\">Restauration des rivi\u00e8res<\/a><\/div>\n                    <\/div>\n                <\/div>\n                             <div class=\"col-xs-6 col-sm-3 col-parent-list\">\n                    <div class=\"element\">\n                        <a href=\"https:\/\/www.siah-croult.org\/_old\/le-siah-croult-et-petit-rosne\/\">\n                            <div class=\"thumbnail\" style=\"background-image: url('https:\/\/www.siah-croult.org\/_old\/wp-content\/uploads\/2013\/01\/img_page_fonctionnement_thumb.png')\"><\/div>\n                        <\/a>\n                        <div class=\"title\"><a href=\"https:\/\/www.siah-croult.org\/_old\/le-siah-croult-et-petit-rosne\/\">Le SIAH Croult et Petit Rosne<\/a><\/div>\n                    <\/div>\n                <\/div>\n                             <div class=\"col-xs-6 col-sm-3 col-parent-list\">\n                    <div class=\"element\">\n                        <a href=\"https:\/\/www.siah-croult.org\/_old\/prevention-des-pollutions\/\">\n                            <div class=\"thumbnail\" style=\"background-image: url('https:\/\/www.siah-croult.org\/_old\/wp-content\/uploads\/2013\/06\/img_page_preventionpollutions.jpg')\"><\/div>\n                        <\/a>\n                        <div class=\"title\"><a href=\"https:\/\/www.siah-croult.org\/_old\/prevention-des-pollutions\/\">Pr\u00e9vention des pollutions<\/a><\/div>\n                    <\/div>\n                <\/div>\n                             <div class=\"col-xs-6 col-sm-3 col-parent-list\">\n                    <div class=\"element\">\n                        <a href=\"https:\/\/www.siah-croult.org\/_old\/prevention-des-inondations\/\">\n                            <div class=\"thumbnail\" style=\"background-image: url('https:\/\/www.siah-croult.org\/_old\/wp-content\/uploads\/2013\/04\/img_page_preventioninondations.jpg')\"><\/div>\n                        <\/a>\n                        <div class=\"title\"><a href=\"https:\/\/www.siah-croult.org\/_old\/prevention-des-inondations\/\">Pr\u00e9vention des inondations<\/a><\/div>\n                    <\/div>\n                <\/div>\n                     <\/div>\n    <\/div>\n    \n","protected":false},"excerpt":{"rendered":"<p>Transformer des rivi\u00e8res sensibles \u00e0 l\u2019\u00e9rosion et pauvres d\u2019un point de vue \u00e9cologique en solides cours d\u2019eau propices \u00e0 accueillir une biodiversit\u00e9 durable, tel est l\u2019objectif du SIAH du Croult et du Petit Rosne. Issu du croisement entre plusieurs sciences et savoir-faire, le g\u00e9nie v\u00e9g\u00e9tal est l\u2019un des moyens utilis\u00e9s pour redonner \u00e0 nos cours [&hellip;]<\/p>\n","protected":false},"author":1,"featured_media":2219,"parent":841,"menu_order":1,"comment_status":"closed","ping_status":"closed","template":"","meta":{"footnotes":""},"class_list":["post-845","page","type-page","status-publish","has-post-thumbnail","hentry"],"_links":{"self":[{"href":"https:\/\/www.siah-croult.org\/_old\/wp-json\/wp\/v2\/pages\/845","targetHints":{"allow":["GET"]}}],"collection":[{"href":"https:\/\/www.siah-croult.org\/_old\/wp-json\/wp\/v2\/pages"}],"about":[{"href":"https:\/\/www.siah-croult.org\/_old\/wp-json\/wp\/v2\/types\/page"}],"author":[{"embeddable":true,"href":"https:\/\/www.siah-croult.org\/_old\/wp-json\/wp\/v2\/users\/1"}],"replies":[{"embeddable":true,"href":"https:\/\/www.siah-croult.org\/_old\/wp-json\/wp\/v2\/comments?post=845"}],"version-history":[{"count":60,"href":"https:\/\/www.siah-croult.org\/_old\/wp-json\/wp\/v2\/pages\/845\/revisions"}],"predecessor-version":[{"id":4910,"href":"https:\/\/www.siah-croult.org\/_old\/wp-json\/wp\/v2\/pages\/845\/revisions\/4910"}],"up":[{"embeddable":true,"href":"https:\/\/www.siah-croult.org\/_old\/wp-json\/wp\/v2\/pages\/841"}],"wp:featuredmedia":[{"embeddable":true,"href":"https:\/\/www.siah-croult.org\/_old\/wp-json\/wp\/v2\/media\/2219"}],"wp:attachment":[{"href":"https:\/\/www.siah-croult.org\/_old\/wp-json\/wp\/v2\/media?parent=845"}],"curies":[{"name":"wp","href":"https:\/\/api.w.org\/{rel}","templated":true}]}}