{"id":838,"date":"2013-01-28T18:11:53","date_gmt":"2013-01-28T17:11:53","guid":{"rendered":"https:\/\/www.siah-croult.org\/_old\/?page_id=838"},"modified":"2019-02-15T11:01:39","modified_gmt":"2019-02-15T10:01:39","slug":"historique","status":"publish","type":"page","link":"https:\/\/www.siah-croult.org\/_old\/le-siah-croult-et-petit-rosne\/historique\/","title":{"rendered":"Historique"},"content":{"rendered":"<div class=\"col-sm-12\">\n<blockquote>\n<div class=\"p\">Au sortir de la Seconde Guerre Mondiale, la situation de l\u2019Est de l\u2019actuel Val d\u2019Oise, victime de nombreuses inondations catastrophiques ainsi que de l\u2019absence de syst\u00e8me d\u2019assainissement, a entra\u00een\u00e9 une mobilisation intercommunale traduisant une volont\u00e9 politique commune d\u2019am\u00e9liorer la gestion de l\u2019eau dans cette r\u00e9gion. Cette impulsion a donn\u00e9 naissance au Syndicat Intercommunal pour l\u2019Am\u00e9nagement Hydraulique des vall\u00e9es du Croult et du Petit Rosne, du nom des deux principaux cours d\u2019eau concern\u00e9s.<\/div>\n<\/blockquote>\n<\/div>\n<div class=\"clearfix\"><\/div>\n<hr \/>\n<div class=\"col-sm-8\">\n<h3>Le SIAH Croult et Petit Rosne se constitua ainsi autour de deux missions essentielles :<\/h3>\n<div class=\"p\" style=\"text-align: justify;\">la lutte\u00a0contre les pollutions des cours d\u2019eau et la lutte contre\u00a0les inondations, missions qui conditionnent\u00a0aujourd\u2019hui la politique environnementale du SIAH\u00a0et en cadrent les activit\u00e9s. Ce sont, en premier lieu,\u00a0les 13 communes d\u2019Arnouville, Bonneuil-en-France,\u00a0Domont, \u00c9couen, \u00c9zanville, Garges-l\u00e8s-Gonesse,\u00a0Gonesse, Goussainville, Le Thillay, Louvres, Saint-Brice-sous-For\u00eat, Sarcelles et Villiers-le-Bel qui en\u00a0s\u2019unissant, furent \u00e0 l\u2019origine du SIAH.<\/div>\n<h3>Progressivement, d\u2019autres communes vinrent enrichir cette mobilisation :<\/h3>\n<div class=\"p\" style=\"text-align: justify;\">Moisselles, en 1948, la commune de Fontenay-en-Parisis, puis dans les ann\u00e9es soixante c\u2019est au tour de V\u00e9mars, Attainville, Baillet-en-France, Bouff\u00e9mont, Montsoult et Piscop. Les premi\u00e8res actions du SIAH se concr\u00e9tis\u00e8rent par une prise en main de l\u2019entretien des cours d\u2019eau dont le mauvais \u00e9tat et l\u2019absence de gestion favorisaient les inondations.<\/div>\n<h3>Les premi\u00e8res installations<\/h3>\n<div class=\"p\" style=\"text-align: justify;\">Dans le m\u00eame temps, les premiers collecteurs intercommunaux furent install\u00e9s, embryons d\u2019un syst\u00e8me d\u2019assainissement des eaux us\u00e9es qui jusqu\u2019\u00e0 pr\u00e9sent polluaient gravement le milieu naturel. D\u2019ailleurs, le Croult et le Petit Rosne avaient subi de telles d\u00e9gradations que les deux cours d\u2019eau furent canalis\u00e9s \u00ab en sous-sol \u00bb dans les agglom\u00e9rations pour \u00e9viter les nuisances et les risques sanitaires.<\/div>\n<div class=\"p\" style=\"text-align: justify;\">Le d\u00e9veloppement continu des communes n\u00e9cessite l\u2019adaptation des infrastructures urbaines li\u00e9es \u00e0 l\u2019eau tant en ce qui concerne les eaux us\u00e9es que les eaux pluviales. Au tournant des ann\u00e9es 70, le SIAH Croult et Petit Rosne entreprend le doublement des collecteurs d\u2019eaux us\u00e9es pour faire face \u00e0 la forte urbanisation. En 1972, une s\u00e9rie d\u2019orages violents provoque des inondations catastrophiques sur la r\u00e9gion, touchant durement les villes d\u2019Ecouen, d\u2019Ezanville et de Fontenay-en-Parisis.<\/div>\n<div class=\"p\" style=\"text-align: justify;\">Pour endiguer le ph\u00e9nom\u00e8ne, les premiers bassins de retenue sont construits : \u201cle Bois Bleu\u201d \u00e0 Ecouen, \u201cles Bourguignons\u201d \u00e0 Ezanville et \u201cle Foss\u00e9 Gallais\u201d \u00e0 Fontenay-en-Parisis. Ce sont les premiers d\u2019une longue liste. L\u2019urbanisation et le d\u00e9veloppement \u00e9conomique de l\u2019Est du Val d\u2019Oise, par l\u2019augmentation des surfaces imperm\u00e9ables, impactent alors consid\u00e9rablement sur les risques d\u2019inondations.<\/div>\n<\/div>\n<div class=\"col-sm-4\">\n<p><img decoding=\"async\" class=\"img-responsive\" style=\"margin-top: 30px;\" src=\"https:\/\/www.siah-croult.org\/_old\/wp-content\/uploads\/2013\/06\/img_page_historique_travaux_1.jpg\" \/><\/p>\n<div class=\"img-notice\">Rue de vaux \u00e0\u00a0<strong>Ezanville en 1949<\/strong><\/div>\n<\/div>\n<div class=\"clearfix\"><\/div>\n<div class=\"col-sm-8\">\n<h3>Des actions politiques<\/h3>\n<div class=\"p\" style=\"text-align: justify;\">Au fil des ans, le syndicat du Croult et du Petit Rosne devra encha\u00eener les am\u00e9nagements hydrauliques pour compenser cette \u00e9volution. Mais les solutions ne sont pas que techniques.<\/div>\n<div class=\"p\" style=\"text-align: justify;\">Le Syndicat s\u2019engage dans une politique de ma\u00eetrise des ruissellements\u00a0\u201c\u00e0 la source\u201d, imposant \u00e0 tout constructeur de lotissements,\u00a0de groupes de logements, de parcs industriels,\u00a0l\u2019obligation de limiter le ruissellement \u00e0 0,7 litre par seconde\u00a0et par hectare. Durant les ann\u00e9es 80, trois autres communes se joignent au SIAH Croult et Petit Rosne : Montmorency, Roissy-en-France et Vaud\u2019herland.<\/div>\n<div class=\"p\" style=\"text-align: justify;\">En 1985, c\u2019est au tour de Puiseux-en-France tandis que 1986 voit l\u2019adh\u00e9sion de Villaines-sous-Bois. Villeron adh\u00e8re en 1991.Le premier collecteur intercommunal d\u2019eaux us\u00e9es est alors doubl\u00e9 par un ouvrage beaucoup plus cons\u00e9quent qui permet la desserte de la totalit\u00e9 des communes.<\/div>\n<h3>Une station de d\u00e9pollution des eaux us\u00e9es<\/h3>\n<div class=\"p\" style=\"text-align: justify;\">Alors que les eaux \u00e9taient jusqu\u2019alors dirig\u00e9es vers la station d\u2019\u00e9puration d\u2019Ach\u00e8res, le Syndicat d\u00e9cide de construire une usine de traitement \u00e0 Bonneuil-en-France pour soulager Ach\u00e8res tout en rejetant au milieu naturel un effluent de bonne qualit\u00e9.<\/div>\n<div class=\"p\" style=\"text-align: justify;\">La station de d\u00e9pollution est mise en service en septembre 1995, les travaux ayant commenc\u00e9 en avril 1993. Dans la m\u00eame p\u00e9riode, six communes rejoignent le syndicat : Andilly, Bouqueval, Chennevi\u00e8res-l\u00e8s-Louvres, Epiais-l\u00e8s-Louvres, Mareil-en-France et le Plessis-Gassot. Les derni\u00e8res adh\u00e9sions, enregistr\u00e9es en 2001 et en 2003 sont celles de la commune de Saint-Witz et du Mesnil-Aubry qui portent alors le nombre total de communes adh\u00e9rentes \u00e0 35.<\/div>\n<h3>Un syndicat mixte<\/h3>\n<div class=\"p\" style=\"text-align: justify;\">En 2009 enfin, la Communaut\u00e9 d\u2019Agglom\u00e9ration de la Vall\u00e9e de Montmorency, devenue la <span>Communaut\u00e9 d\u2019Agglom\u00e9ration Plaine Vall\u00e9e en 2016,<\/span>\u00a0se substitue aux communes de Montmorency et d\u2019Andilly, transformant de fait le SIAH en syndicat mixte.<\/div>\n<div style=\"text-align: justify;\">Au 1er janvier 2015, dans le cadre de la r\u00e9forme\u00a0territoriale, le SIERVOM de Moisselles,\u00a0Syndicat ayant la comp\u00e9tence de collecte\u00a0des eaux us\u00e9es sur 6 communes du nord-ouest\u00a0du SIAH, a \u00e9t\u00e9 dissous et le SIAH a ainsi\u00a0d\u00fb, d\u2019une mani\u00e8re finalement assez transparente,\u00a0dispara\u00eetre administrativement au\u00a031 d\u00e9cembre 2014 pour rena\u00eetre, identique,\u00a0au 1er janvier 2015.<\/p>\n<\/div>\n<\/div>\n<div class=\"col-sm-4\">\n<p><img decoding=\"async\" class=\"img-responsive\" style=\"margin-top: 30px;\" src=\"https:\/\/www.siah-croult.org\/_old\/wp-content\/uploads\/2013\/06\/img_page_historique_travaux_2.jpg\" \/><\/p>\n<div class=\"img-notice\">Quartier de la Gare,\u00a0<strong>Ecouen 1949<\/strong><\/div>\n<\/div>\n    <div class=\"clearfix\"><\/div>\n    <hr class=\"special\">\n    <div class=\"col-sm-12 col-parent-list-container\">\n        <h2 class=\"text-center\">Vous pouvez \u00e9galement consulter les pages suivantes<\/h2>\n        <div class=\"clearfix\"><\/div>\n        <div class=\"row\">\n                           <div class=\"col-xs-6 col-sm-3 col-parent-list\">\n                    <div class=\"element\">\n                        <a href=\"https:\/\/www.siah-croult.org\/_old\/restauration-des-rivieres\/\">\n                            <div class=\"thumbnail\" style=\"background-image: url('https:\/\/www.siah-croult.org\/_old\/wp-content\/uploads\/2013\/06\/img_page_restaurationriviere.png')\"><\/div>\n                        <\/a>\n                        <div class=\"title\"><a href=\"https:\/\/www.siah-croult.org\/_old\/restauration-des-rivieres\/\">Restauration des rivi\u00e8res<\/a><\/div>\n                    <\/div>\n                <\/div>\n                             <div class=\"col-xs-6 col-sm-3 col-parent-list\">\n                    <div class=\"element\">\n                        <a href=\"https:\/\/www.siah-croult.org\/_old\/le-siah-croult-et-petit-rosne\/\">\n                            <div class=\"thumbnail\" style=\"background-image: url('https:\/\/www.siah-croult.org\/_old\/wp-content\/uploads\/2013\/01\/img_page_fonctionnement_thumb.png')\"><\/div>\n                        <\/a>\n                        <div class=\"title\"><a href=\"https:\/\/www.siah-croult.org\/_old\/le-siah-croult-et-petit-rosne\/\">Le SIAH Croult et Petit Rosne<\/a><\/div>\n                    <\/div>\n                <\/div>\n                             <div class=\"col-xs-6 col-sm-3 col-parent-list\">\n                    <div class=\"element\">\n                        <a href=\"https:\/\/www.siah-croult.org\/_old\/prevention-des-pollutions\/\">\n                            <div class=\"thumbnail\" style=\"background-image: url('https:\/\/www.siah-croult.org\/_old\/wp-content\/uploads\/2013\/06\/img_page_preventionpollutions.jpg')\"><\/div>\n                        <\/a>\n                        <div class=\"title\"><a href=\"https:\/\/www.siah-croult.org\/_old\/prevention-des-pollutions\/\">Pr\u00e9vention des pollutions<\/a><\/div>\n                    <\/div>\n                <\/div>\n                             <div class=\"col-xs-6 col-sm-3 col-parent-list\">\n                    <div class=\"element\">\n                        <a href=\"https:\/\/www.siah-croult.org\/_old\/prevention-des-inondations\/\">\n                            <div class=\"thumbnail\" style=\"background-image: url('https:\/\/www.siah-croult.org\/_old\/wp-content\/uploads\/2013\/04\/img_page_preventioninondations.jpg')\"><\/div>\n                        <\/a>\n                        <div class=\"title\"><a href=\"https:\/\/www.siah-croult.org\/_old\/prevention-des-inondations\/\">Pr\u00e9vention des inondations<\/a><\/div>\n                    <\/div>\n                <\/div>\n                     <\/div>\n    <\/div>\n    \n","protected":false},"excerpt":{"rendered":"<p>Au sortir de la Seconde Guerre Mondiale, la situation de l\u2019Est de l\u2019actuel Val d\u2019Oise a entra\u00een\u00e9 une mobilisation intercommunale traduisant une volont\u00e9 politique commune d\u2019am\u00e9liorer la gestion de l\u2019eau dans cette r\u00e9gion.<\/p>\n","protected":false},"author":1,"featured_media":2173,"parent":832,"menu_order":0,"comment_status":"closed","ping_status":"closed","template":"","meta":{"footnotes":""},"class_list":["post-838","page","type-page","status-publish","has-post-thumbnail","hentry"],"_links":{"self":[{"href":"https:\/\/www.siah-croult.org\/_old\/wp-json\/wp\/v2\/pages\/838","targetHints":{"allow":["GET"]}}],"collection":[{"href":"https:\/\/www.siah-croult.org\/_old\/wp-json\/wp\/v2\/pages"}],"about":[{"href":"https:\/\/www.siah-croult.org\/_old\/wp-json\/wp\/v2\/types\/page"}],"author":[{"embeddable":true,"href":"https:\/\/www.siah-croult.org\/_old\/wp-json\/wp\/v2\/users\/1"}],"replies":[{"embeddable":true,"href":"https:\/\/www.siah-croult.org\/_old\/wp-json\/wp\/v2\/comments?post=838"}],"version-history":[{"count":208,"href":"https:\/\/www.siah-croult.org\/_old\/wp-json\/wp\/v2\/pages\/838\/revisions"}],"predecessor-version":[{"id":6198,"href":"https:\/\/www.siah-croult.org\/_old\/wp-json\/wp\/v2\/pages\/838\/revisions\/6198"}],"up":[{"embeddable":true,"href":"https:\/\/www.siah-croult.org\/_old\/wp-json\/wp\/v2\/pages\/832"}],"wp:featuredmedia":[{"embeddable":true,"href":"https:\/\/www.siah-croult.org\/_old\/wp-json\/wp\/v2\/media\/2173"}],"wp:attachment":[{"href":"https:\/\/www.siah-croult.org\/_old\/wp-json\/wp\/v2\/media?parent=838"}],"curies":[{"name":"wp","href":"https:\/\/api.w.org\/{rel}","templated":true}]}}