{"id":7218,"date":"2020-11-19T07:57:34","date_gmt":"2020-11-19T06:57:34","guid":{"rendered":"https:\/\/www.siah-croult.org\/_old\/?page_id=7218"},"modified":"2023-01-02T14:29:39","modified_gmt":"2023-01-02T13:29:39","slug":"visite-scolaire-du-vignois","status":"publish","type":"page","link":"https:\/\/www.siah-croult.org\/_old\/visite-scolaire-du-vignois\/","title":{"rendered":"Inscription aux classes vertes et bleues"},"content":{"rendered":"<div class=\"col-sm-6 text-justify\">\n<h2 style=\"text-align: left;\">Inscrivez votre classe d\u00e8s \u00e0 pr\u00e9sent ! &gt;&gt;&gt;<\/h2>\n<p><strong>\u00c0 partir du 6 mars 2023, le SIAH\u00a0 propose aux classes de CM1, CM2 et 6\u00e8me,\u00a0 une d\u00e9couverte des richesses \u00e9cologiques du Vignois \u00e0 Gonesse, lors d\u2019une animation gratuite d\u2019une dur\u00e9e d\u2019environ deux heures.<\/strong><\/p>\n<h5>(D\u00e9tails ci-dessous)<\/h5>\n<p><img decoding=\"async\" class=\"img-responsive\" src=\"https:\/\/www.siah-croult.org\/_old\/wp-content\/uploads\/2020\/11\/Image-2.jpg\" \/><br \/>\n<b>Diff\u00e9rentes th\u00e9matiques seront abord\u00e9es :<\/b><\/p>\n<ul>\n<li>la faune et la flore,<\/li>\n<li>les \u00e9cosyst\u00e8mes,<\/li>\n<li>le r\u00e9seau trophique,<\/li>\n<li>r\u00e9tention des eaux<\/li>\n<li>etc.<\/li>\n<\/ul>\n<p>Cr\u00e9\u00e9e en ad\u00e9quation avec le programme scolaire du cycle 3, cette animation sera assur\u00e9e par un animateur professionnel de l\u2019association <a href=\"http:\/\/www.planete-sciences.org\/iledefrance\/\" target=\"_blank\" rel=\"noopener noreferrer\">Plan\u00e8te Sciences Ile-de-France<\/a>.<\/p>\n<p>Le transport en bus sera pris en charge par le SIAH (r\u00e9servation et financement).<\/p>\n<p>Il est \u00e0 noter que les proc\u00e9dures sanitaires seront adapt\u00e9es en fonction des consignes \u00e9nonc\u00e9es par l\u2019Etat.<\/p>\n<\/div>\n<div class=\"col-sm-6 text-justify\">\n<p>&nbsp;<\/p>\n<p><strong>Pour inscrire votre classe, veuillez remplir le formulaire se trouvant ci-dessous. Le SIAH prendra rapidement contact avec vous afin de programmer une date. Attention le nombre de place est limit\u00e9, il est possible que toutes les demandes ne puissent pas \u00eatre accept\u00e9es. <small><i>(A noter : pour \u00e9viter toute erreur, il vous est demand\u00e9 de remplir 1 formulaire par classe. De plus, afin de pouvoir participer \u00e0 l&rsquo;animation, il vous sera demand\u00e9 1 adulte accompagnateur\u00a0pour 10 enfants.)<\/i><\/small><\/strong><\/p>\n\n<div class=\"wpcf7 no-js\" id=\"wpcf7-f7227-o1\" lang=\"fr-FR\" dir=\"ltr\" data-wpcf7-id=\"7227\">\n<div class=\"screen-reader-response\"><p role=\"status\" aria-live=\"polite\" aria-atomic=\"true\"><\/p> <ul><\/ul><\/div>\n<form action=\"\/_old\/wp-json\/wp\/v2\/pages\/7218#wpcf7-f7227-o1\" method=\"post\" class=\"wpcf7-form init\" aria-label=\"Formulaire de contact\" novalidate=\"novalidate\" data-status=\"init\">\n<fieldset class=\"hidden-fields-container\"><input type=\"hidden\" name=\"_wpcf7\" value=\"7227\" \/><input type=\"hidden\" name=\"_wpcf7_version\" value=\"6.1.5\" \/><input type=\"hidden\" name=\"_wpcf7_locale\" value=\"fr_FR\" \/><input type=\"hidden\" name=\"_wpcf7_unit_tag\" value=\"wpcf7-f7227-o1\" \/><input type=\"hidden\" name=\"_wpcf7_container_post\" value=\"0\" \/><input type=\"hidden\" name=\"_wpcf7_posted_data_hash\" value=\"\" \/>\n<\/fieldset>\n<div class=\"form-group\">\n\t<p><label><span class=\"pull-right text-danger\"><i class=\"icon icon-maxicons2-fix\"><\/i><\/span>Nom de l'\u00e9tablissement scolaire :<\/label><span class=\"wpcf7-form-control-wrap\" data-name=\"info-etablissement\"><input size=\"40\" maxlength=\"400\" class=\"wpcf7-form-control wpcf7-text wpcf7-validates-as-required form-control\" aria-required=\"true\" aria-invalid=\"false\" value=\"\" type=\"text\" name=\"info-etablissement\" \/><\/span>\n\t<\/p>\n<\/div>\n<div class=\"form-group\">\n\t<p><label><span class=\"pull-right text-danger\"><i class=\"icon icon-maxicons2-fix\"><\/i><\/span>Commune o\u00f9 se situe l'\u00e9tablissement :<\/label><span class=\"wpcf7-form-control-wrap\" data-name=\"info-commune\"><select class=\"wpcf7-form-control wpcf7-select wpcf7-validates-as-required form-control\" aria-required=\"true\" aria-invalid=\"false\" name=\"info-commune\"><option value=\"Andilly\">Andilly<\/option><option value=\"Arnouville\">Arnouville<\/option><option value=\"Attainville\">Attainville<\/option><option value=\"Baillet-en-France\">Baillet-en-France<\/option><option value=\"Bonneuil-en-France\">Bonneuil-en-France<\/option><option value=\"Bouff\u00e9mont\">Bouff\u00e9mont<\/option><option value=\"Bouqueval\">Bouqueval<\/option><option value=\"Chennevi\u00e8res-l\u00e8s-Louvres\">Chennevi\u00e8res-l\u00e8s-Louvres<\/option><option value=\"Domont\">Domont<\/option><option value=\"Ecouen\">Ecouen<\/option><option value=\"Epiais-l\u00e8s-Louvres\">Epiais-l\u00e8s-Louvres<\/option><option value=\"Ezanville\">Ezanville<\/option><option value=\"Fontenay-en-Parisis\">Fontenay-en-Parisis<\/option><option value=\"Garges-l\u00e8s-Gonesse\">Garges-l\u00e8s-Gonesse<\/option><option value=\"Gonesse\">Gonesse<\/option><option value=\"Goussainville\">Goussainville<\/option><option value=\"Le Mesnil Aubry\">Le Mesnil Aubry<\/option><option value=\"Le Plessis-Gassot\">Le Plessis-Gassot<\/option><option value=\"Le Thillay\">Le Thillay<\/option><option value=\"Louvres\">Louvres<\/option><option value=\"Mareil-en-France\">Mareil-en-France<\/option><option value=\"Moisselles\">Moisselles<\/option><option value=\"Montmorency\">Montmorency<\/option><option value=\"Montsoult\">Montsoult<\/option><option value=\"Piscop\">Piscop<\/option><option value=\"Puiseux-en-France\">Puiseux-en-France<\/option><option value=\"Roissy-en-France\">Roissy-en-France<\/option><option value=\"Saint-Brice-sous-For\u00eat\">Saint-Brice-sous-For\u00eat<\/option><option value=\"Saint-Witz\">Saint-Witz<\/option><option value=\"Sarcelles\">Sarcelles<\/option><option value=\"Vaud&#039;herland\">Vaud&#039;herland<\/option><option value=\"V\u00e9mars\">V\u00e9mars<\/option><option value=\"Villaines-sous-Bois\">Villaines-sous-Bois<\/option><option value=\"Villiers-le-Bel\">Villiers-le-Bel<\/option><option value=\"Villeron\">Villeron<\/option><\/select><\/span>\n\t<\/p>\n<\/div>\n<div class=\"form-group\">\n\t<p><small><i>Actuellement, les visites sont uniquement ouvertes aux \u00e9coles se trouvant sur le territoire du SIAH<\/i><\/small>\n\t<\/p>\n<\/div>\n<div class=\"form-group\">\n\t<p><label><span class=\"pull-right text-danger\"><i class=\"icon icon-maxicons2-fix\"><\/i><\/span>Adresse de l'\u00e9cole :<\/label><span class=\"wpcf7-form-control-wrap\" data-name=\"info-ecole\"><input size=\"40\" maxlength=\"400\" class=\"wpcf7-form-control wpcf7-text wpcf7-validates-as-required form-control\" aria-required=\"true\" aria-invalid=\"false\" value=\"\" type=\"text\" name=\"info-ecole\" \/><\/span>\n\t<\/p>\n<\/div>\n<div class=\"form-group\">\n\t<p><label><span class=\"pull-right text-danger\"><i class=\"icon icon-maxicons2-fix\"><\/i><\/span>Nom de l'enseignant :<\/label><span class=\"wpcf7-form-control-wrap\" data-name=\"info-enseignant\"><input size=\"40\" maxlength=\"400\" class=\"wpcf7-form-control wpcf7-text wpcf7-validates-as-required form-control\" aria-required=\"true\" aria-invalid=\"false\" value=\"\" type=\"text\" name=\"info-enseignant\" \/><\/span>\n\t<\/p>\n<\/div>\n<div class=\"form-group\">\n\t<p><label><span class=\"pull-right text-danger\"><i class=\"icon icon-maxicons2-fix\"><\/i><\/span>Num\u00e9ro de t\u00e9l\u00e9phone de l'enseignant :<\/label><span class=\"wpcf7-form-control-wrap\" data-name=\"info-enseignant-tel\"><input size=\"40\" maxlength=\"400\" class=\"wpcf7-form-control wpcf7-text wpcf7-validates-as-required form-control\" aria-required=\"true\" aria-invalid=\"false\" value=\"\" type=\"text\" name=\"info-enseignant-tel\" \/><\/span>\n\t<\/p>\n<\/div>\n<div class=\"form-group\">\n\t<p><label><span class=\"pull-right text-danger\"><i class=\"icon icon-maxicons2-fix\"><\/i><\/span>Adresse mail : <\/label><span class=\"wpcf7-form-control-wrap\" data-name=\"info-email\"><input size=\"40\" maxlength=\"400\" class=\"wpcf7-form-control wpcf7-email wpcf7-validates-as-required wpcf7-text wpcf7-validates-as-email form-control\" aria-required=\"true\" aria-invalid=\"false\" value=\"\" type=\"email\" name=\"info-email\" \/><\/span>\n\t<\/p>\n<\/div>\n<div class=\"form-group\">\n\t<p><label><span class=\"pull-right text-danger\"><i class=\"icon icon-maxicons2-fix\"><\/i><\/span>Niveau de la classe :<\/label><span class=\"wpcf7-form-control-wrap\" data-name=\"info-niveau\"><input size=\"40\" maxlength=\"400\" class=\"wpcf7-form-control wpcf7-text wpcf7-validates-as-required form-control\" aria-required=\"true\" aria-invalid=\"false\" value=\"\" type=\"text\" name=\"info-niveau\" \/><\/span>\n\t<\/p>\n<\/div>\n<div class=\"form-group\">\n\t<p><label><span class=\"pull-right text-danger\"><i class=\"icon icon-maxicons2-fix\"><\/i><\/span>Nombre d'enfants dans la classe :<\/label><span class=\"wpcf7-form-control-wrap\" data-name=\"info-enfants\"><input size=\"40\" maxlength=\"400\" class=\"wpcf7-form-control wpcf7-text wpcf7-validates-as-required form-control\" aria-required=\"true\" aria-invalid=\"false\" value=\"\" type=\"text\" name=\"info-enfants\" \/><\/span>\n\t<\/p>\n<\/div>\n<div class=\"form-group\">\n\t<p><label>Commentaire en cas de sp\u00e9cificit\u00e9 :<\/label><span class=\"wpcf7-form-control-wrap\" data-name=\"info-commentaire\"><textarea cols=\"40\" rows=\"10\" maxlength=\"2000\" class=\"wpcf7-form-control wpcf7-textarea form-control\" aria-invalid=\"false\" name=\"info-commentaire\"><\/textarea><\/span>\n\t<\/p>\n<\/div>\n<p><input class=\"wpcf7-form-control wpcf7-submit has-spinner btn btn-success\" type=\"submit\" value=\"Envoyer votre demande\" \/>\n<\/p>\n<div class=\"text-danger text-right\">\n\t<p><i class=\"icon icon-maxicons2-fix\"><\/i> Champs obligatoires\n\t<\/p>\n<\/div><div class=\"wpcf7-response-output\" aria-hidden=\"true\"><\/div>\n<\/form>\n<\/div>\n\n<\/div>\n","protected":false},"excerpt":{"rendered":"<p>Inscrivez votre classe d\u00e8s \u00e0 pr\u00e9sent ! &gt;&gt;&gt; \u00c0 partir du 6 mars 2023, le SIAH\u00a0 propose aux classes de CM1, CM2 et 6\u00e8me,\u00a0 une d\u00e9couverte des richesses \u00e9cologiques du Vignois \u00e0 Gonesse, lors d\u2019une animation gratuite d\u2019une dur\u00e9e d\u2019environ deux heures. (D\u00e9tails ci-dessous) Diff\u00e9rentes th\u00e9matiques seront abord\u00e9es : la faune et la flore, les [&hellip;]<\/p>\n","protected":false},"author":1,"featured_media":0,"parent":0,"menu_order":0,"comment_status":"closed","ping_status":"closed","template":"","meta":{"footnotes":""},"class_list":["post-7218","page","type-page","status-publish","hentry"],"_links":{"self":[{"href":"https:\/\/www.siah-croult.org\/_old\/wp-json\/wp\/v2\/pages\/7218","targetHints":{"allow":["GET"]}}],"collection":[{"href":"https:\/\/www.siah-croult.org\/_old\/wp-json\/wp\/v2\/pages"}],"about":[{"href":"https:\/\/www.siah-croult.org\/_old\/wp-json\/wp\/v2\/types\/page"}],"author":[{"embeddable":true,"href":"https:\/\/www.siah-croult.org\/_old\/wp-json\/wp\/v2\/users\/1"}],"replies":[{"embeddable":true,"href":"https:\/\/www.siah-croult.org\/_old\/wp-json\/wp\/v2\/comments?post=7218"}],"version-history":[{"count":31,"href":"https:\/\/www.siah-croult.org\/_old\/wp-json\/wp\/v2\/pages\/7218\/revisions"}],"predecessor-version":[{"id":7884,"href":"https:\/\/www.siah-croult.org\/_old\/wp-json\/wp\/v2\/pages\/7218\/revisions\/7884"}],"wp:attachment":[{"href":"https:\/\/www.siah-croult.org\/_old\/wp-json\/wp\/v2\/media?parent=7218"}],"curies":[{"name":"wp","href":"https:\/\/api.w.org\/{rel}","templated":true}]}}