{"id":3138,"date":"2015-05-22T08:51:06","date_gmt":"2015-05-22T07:51:06","guid":{"rendered":"https:\/\/www.siah-croult.org\/_old\/?page_id=3138"},"modified":"2017-04-27T08:25:36","modified_gmt":"2017-04-27T07:25:36","slug":"le-site-de-la-reouverture-du-petit-rosne-en-mai-2015","status":"publish","type":"page","link":"https:\/\/www.siah-croult.org\/_old\/le-site-de-la-reouverture-du-petit-rosne-en-mai-2015\/","title":{"rendered":"Le site de la r\u00e9ouverture du Petit Rosne en mai 2015"},"content":{"rendered":"<div class=\"col-sm-12\">Nous vous proposons ces quelques clich\u00e9s pris de l&rsquo;amont vers l&rsquo;aval du cours d&rsquo;eau qui montrent le d\u00e9veloppement de la flore. A comparer avec les vues prises quelques semaines apr\u00e8s la fin des travaux o\u00f9 la v\u00e9g\u00e9tation \u00e9tait encore balbutiante : <a href=\"https:\/\/www.siah-croult.org\/_old\/streetview-sarcelles-web\/index.php\" target=\"_blank\">voir ici<\/a>.<\/p>\n<div class=\"col-content-sm\">\n<div id=\"new-royalslider-1\" class=\"royalSlider new-royalslider-1 rsDefaultInv rs-default-template\" style=\"width:100%;height:500px;;\">\n<div class=\"rsContent\">\n  <a class=\"rsImg\" href=\"https:\/\/www.siah-croult.org\/_old\/wp-content\/uploads\/2015\/05\/Petit_Rosne_Sarcelles_001-890x695.jpg\">Petit_Rosne_Sarcelles_001<\/a>\n  \n  \n  \n<\/div>\n<div class=\"rsContent\">\n  <a class=\"rsImg\" href=\"https:\/\/www.siah-croult.org\/_old\/wp-content\/uploads\/2015\/05\/Petit_Rosne_Sarcelles_002-890x695.jpg\">Petit_Rosne_Sarcelles_002<\/a>\n  \n  \n  \n<\/div>\n<div class=\"rsContent\">\n  <a class=\"rsImg\" href=\"https:\/\/www.siah-croult.org\/_old\/wp-content\/uploads\/2015\/05\/Petit_Rosne_Sarcelles_003-890x695.jpg\">Petit_Rosne_Sarcelles_003<\/a>\n  \n  \n  \n<\/div>\n<div class=\"rsContent\">\n  <a class=\"rsImg\" href=\"https:\/\/www.siah-croult.org\/_old\/wp-content\/uploads\/2015\/05\/Petit_Rosne_Sarcelles_004-890x695.jpg\">Petit_Rosne_Sarcelles_004<\/a>\n  \n  \n  \n<\/div>\n<div class=\"rsContent\">\n  <a class=\"rsImg\" href=\"https:\/\/www.siah-croult.org\/_old\/wp-content\/uploads\/2015\/05\/Petit_Rosne_Sarcelles_005-890x695.jpg\">Petit_Rosne_Sarcelles_005<\/a>\n  \n  \n  \n<\/div>\n<div class=\"rsContent\">\n  <a class=\"rsImg\" href=\"https:\/\/www.siah-croult.org\/_old\/wp-content\/uploads\/2015\/05\/Petit_Rosne_Sarcelles_006-890x695.jpg\">Petit_Rosne_Sarcelles_006<\/a>\n  \n  \n  \n<\/div>\n<div class=\"rsContent\">\n  <a class=\"rsImg\" href=\"https:\/\/www.siah-croult.org\/_old\/wp-content\/uploads\/2015\/05\/Petit_Rosne_Sarcelles_007-890x695.jpg\">Petit_Rosne_Sarcelles_007<\/a>\n  \n  \n  \n<\/div>\n<div class=\"rsContent\">\n  <a class=\"rsImg\" href=\"https:\/\/www.siah-croult.org\/_old\/wp-content\/uploads\/2015\/05\/Petit_Rosne_Sarcelles_008-890x695.jpg\">Petit_Rosne_Sarcelles_008<\/a>\n  \n  \n  \n<\/div>\n<div class=\"rsContent\">\n  <a class=\"rsImg\" href=\"https:\/\/www.siah-croult.org\/_old\/wp-content\/uploads\/2015\/05\/Petit_Rosne_Sarcelles_009-890x695.jpg\">Petit_Rosne_Sarcelles_009<\/a>\n  \n  \n  \n<\/div>\n<div class=\"rsContent\">\n  <a class=\"rsImg\" href=\"https:\/\/www.siah-croult.org\/_old\/wp-content\/uploads\/2015\/05\/Petit_Rosne_Sarcelles_010-890x695.jpg\">Petit_Rosne_Sarcelles_010<\/a>\n  \n  \n  \n<\/div>\n<div class=\"rsContent\">\n  <a class=\"rsImg\" href=\"https:\/\/www.siah-croult.org\/_old\/wp-content\/uploads\/2015\/05\/Petit_Rosne_Sarcelles_011-890x695.jpg\">Petit_Rosne_Sarcelles_011<\/a>\n  \n  \n  \n<\/div>\n<div class=\"rsContent\">\n  <a class=\"rsImg\" href=\"https:\/\/www.siah-croult.org\/_old\/wp-content\/uploads\/2015\/05\/Petit_Rosne_Sarcelles_012-890x695.jpg\">Petit_Rosne_Sarcelles_012<\/a>\n  \n  \n  \n<\/div>\n<div class=\"rsContent\">\n  <a class=\"rsImg\" href=\"https:\/\/www.siah-croult.org\/_old\/wp-content\/uploads\/2015\/05\/Petit_Rosne_Sarcelles_013-890x695.jpg\">Petit_Rosne_Sarcelles_013<\/a>\n  \n  \n  \n<\/div>\n<div class=\"rsContent\">\n  <a class=\"rsImg\" href=\"https:\/\/www.siah-croult.org\/_old\/wp-content\/uploads\/2015\/05\/Petit_Rosne_Sarcelles_014-890x695.jpg\">Petit_Rosne_Sarcelles_014<\/a>\n  \n  \n  \n<\/div>\n<div class=\"rsContent\">\n  <a class=\"rsImg\" href=\"https:\/\/www.siah-croult.org\/_old\/wp-content\/uploads\/2015\/05\/Petit_Rosne_Sarcelles_015-890x695.jpg\">Petit_Rosne_Sarcelles_015<\/a>\n  \n  \n  \n<\/div>\n<div class=\"rsContent\">\n  <a class=\"rsImg\" href=\"https:\/\/www.siah-croult.org\/_old\/wp-content\/uploads\/2015\/05\/Petit_Rosne_Sarcelles_016-890x695.jpg\">Petit_Rosne_Sarcelles_016<\/a>\n  \n  \n  \n<\/div>\n<div class=\"rsContent\">\n  <a class=\"rsImg\" href=\"https:\/\/www.siah-croult.org\/_old\/wp-content\/uploads\/2015\/05\/Petit_Rosne_Sarcelles_017-890x695.jpg\">Petit_Rosne_Sarcelles_017<\/a>\n  \n  \n  \n<\/div>\n<div class=\"rsContent\">\n  <a class=\"rsImg\" href=\"https:\/\/www.siah-croult.org\/_old\/wp-content\/uploads\/2015\/05\/Petit_Rosne_Sarcelles_018-890x695.jpg\">Petit_Rosne_Sarcelles_018<\/a>\n  \n  \n  \n<\/div>\n<div class=\"rsContent\">\n  <a class=\"rsImg\" href=\"https:\/\/www.siah-croult.org\/_old\/wp-content\/uploads\/2015\/05\/Petit_Rosne_Sarcelles_019-890x695.jpg\">Petit_Rosne_Sarcelles_019<\/a>\n  \n  \n  \n<\/div>\n<div class=\"rsContent\">\n  <a class=\"rsImg\" href=\"https:\/\/www.siah-croult.org\/_old\/wp-content\/uploads\/2015\/05\/Petit_Rosne_Sarcelles_020-890x695.jpg\">Petit_Rosne_Sarcelles_020<\/a>\n  \n  \n  \n<\/div>\n<div class=\"rsContent\">\n  <a class=\"rsImg\" href=\"https:\/\/www.siah-croult.org\/_old\/wp-content\/uploads\/2015\/05\/Petit_Rosne_Sarcelles_021-890x695.jpg\">Petit_Rosne_Sarcelles_021<\/a>\n  \n  \n  \n<\/div>\n<div class=\"rsContent\">\n  <a class=\"rsImg\" href=\"https:\/\/www.siah-croult.org\/_old\/wp-content\/uploads\/2015\/05\/Petit_Rosne_Sarcelles_022-890x695.jpg\">Petit_Rosne_Sarcelles_022<\/a>\n  \n  \n  \n<\/div>\n<div class=\"rsContent\">\n  <a class=\"rsImg\" href=\"https:\/\/www.siah-croult.org\/_old\/wp-content\/uploads\/2015\/05\/Petit_Rosne_Sarcelles_023-890x695.jpg\">Petit_Rosne_Sarcelles_023<\/a>\n  \n  \n  \n<\/div>\n<div class=\"rsContent\">\n  <a class=\"rsImg\" href=\"https:\/\/www.siah-croult.org\/_old\/wp-content\/uploads\/2015\/05\/Petit_Rosne_Sarcelles_024-890x695.jpg\">Petit_Rosne_Sarcelles_024<\/a>\n  \n  \n  \n<\/div>\n<div class=\"rsContent\">\n  <a class=\"rsImg\" href=\"https:\/\/www.siah-croult.org\/_old\/wp-content\/uploads\/2015\/05\/Petit_Rosne_Sarcelles_025-890x695.jpg\">Petit_Rosne_Sarcelles_025<\/a>\n  \n  \n  \n<\/div>\n<div class=\"rsContent\">\n  <a class=\"rsImg\" href=\"https:\/\/www.siah-croult.org\/_old\/wp-content\/uploads\/2015\/05\/Petit_Rosne_Sarcelles_026-890x695.jpg\">Petit_Rosne_Sarcelles_026<\/a>\n  \n  \n  \n<\/div>\n<div class=\"rsContent\">\n  <a class=\"rsImg\" href=\"https:\/\/www.siah-croult.org\/_old\/wp-content\/uploads\/2015\/05\/Petit_Rosne_Sarcelles_027-890x695.jpg\">Petit_Rosne_Sarcelles_027<\/a>\n  \n  \n  \n<\/div>\n<div class=\"rsContent\">\n  <a class=\"rsImg\" href=\"https:\/\/www.siah-croult.org\/_old\/wp-content\/uploads\/2015\/05\/Petit_Rosne_Sarcelles_028-890x695.jpg\">Petit_Rosne_Sarcelles_028<\/a>\n  \n  \n  \n<\/div>\n<div class=\"rsContent\">\n  <a class=\"rsImg\" href=\"https:\/\/www.siah-croult.org\/_old\/wp-content\/uploads\/2015\/05\/Petit_Rosne_Sarcelles_029-890x695.jpg\">Petit_Rosne_Sarcelles_029<\/a>\n  \n  \n  \n<\/div>\n<div class=\"rsContent\">\n  <a class=\"rsImg\" href=\"https:\/\/www.siah-croult.org\/_old\/wp-content\/uploads\/2015\/05\/Petit_Rosne_Sarcelles_030-890x695.jpg\">Petit_Rosne_Sarcelles_030<\/a>\n  \n  \n  \n<\/div>\n<div class=\"rsContent\">\n  <a class=\"rsImg\" href=\"https:\/\/www.siah-croult.org\/_old\/wp-content\/uploads\/2015\/05\/Petit_Rosne_Sarcelles_031-890x695.jpg\">Petit_Rosne_Sarcelles_031<\/a>\n  \n  \n  \n<\/div>\n<div class=\"rsContent\">\n  <a class=\"rsImg\" href=\"https:\/\/www.siah-croult.org\/_old\/wp-content\/uploads\/2015\/05\/Petit_Rosne_Sarcelles_032-890x695.jpg\">Petit_Rosne_Sarcelles_032<\/a>\n  \n  \n  \n<\/div>\n<div class=\"rsContent\">\n  <a class=\"rsImg\" href=\"https:\/\/www.siah-croult.org\/_old\/wp-content\/uploads\/2015\/05\/Petit_Rosne_Sarcelles_033-890x695.jpg\">Petit_Rosne_Sarcelles_033<\/a>\n  \n  \n  \n<\/div>\n<div class=\"rsContent\">\n  <a class=\"rsImg\" href=\"https:\/\/www.siah-croult.org\/_old\/wp-content\/uploads\/2015\/05\/Petit_Rosne_Sarcelles_034-890x695.jpg\">Petit_Rosne_Sarcelles_034<\/a>\n  \n  \n  \n<\/div>\n<div class=\"rsContent\">\n  <a class=\"rsImg\" href=\"https:\/\/www.siah-croult.org\/_old\/wp-content\/uploads\/2015\/05\/Petit_Rosne_Sarcelles_035-890x695.jpg\">Petit_Rosne_Sarcelles_035<\/a>\n  \n  \n  \n<\/div>\n<div class=\"rsContent\">\n  <a class=\"rsImg\" href=\"https:\/\/www.siah-croult.org\/_old\/wp-content\/uploads\/2015\/05\/Petit_Rosne_Sarcelles_036-890x695.jpg\">Petit_Rosne_Sarcelles_036<\/a>\n  \n  \n  \n<\/div>\n<div class=\"rsContent\">\n  <a class=\"rsImg\" href=\"https:\/\/www.siah-croult.org\/_old\/wp-content\/uploads\/2015\/05\/Petit_Rosne_Sarcelles_037-890x695.jpg\">Petit_Rosne_Sarcelles_037<\/a>\n  \n  \n  \n<\/div>\n<div class=\"rsContent\">\n  <a class=\"rsImg\" href=\"https:\/\/www.siah-croult.org\/_old\/wp-content\/uploads\/2015\/05\/Petit_Rosne_Sarcelles_038-890x695.jpg\">Petit_Rosne_Sarcelles_038<\/a>\n  \n  \n  \n<\/div>\n<div class=\"rsContent\">\n  <a class=\"rsImg\" href=\"https:\/\/www.siah-croult.org\/_old\/wp-content\/uploads\/2015\/05\/Petit_Rosne_Sarcelles_039-890x695.jpg\">Petit_Rosne_Sarcelles_039<\/a>\n  \n  \n  \n<\/div>\n<div class=\"rsContent\">\n  <a class=\"rsImg\" href=\"https:\/\/www.siah-croult.org\/_old\/wp-content\/uploads\/2015\/05\/Petit_Rosne_Sarcelles_040-890x695.jpg\">Fin de la partie r\u00e9ouverte<\/a>\n  \n  \n  \n<\/div>\n\n<\/div>\n\n<\/div>\n<\/div>\n","protected":false},"excerpt":{"rendered":"<p>Nous vous proposons ces quelques clich\u00e9s pris de l&rsquo;amont vers l&rsquo;aval du cours d&rsquo;eau qui montrent le d\u00e9veloppement de la flore. A comparer avec les vues prises quelques semaines apr\u00e8s la fin des travaux o\u00f9 la v\u00e9g\u00e9tation \u00e9tait encore balbutiante : voir ici.<\/p>\n","protected":false},"author":1,"featured_media":0,"parent":0,"menu_order":0,"comment_status":"closed","ping_status":"closed","template":"","meta":{"footnotes":""},"class_list":["post-3138","page","type-page","status-publish","hentry"],"_links":{"self":[{"href":"https:\/\/www.siah-croult.org\/_old\/wp-json\/wp\/v2\/pages\/3138","targetHints":{"allow":["GET"]}}],"collection":[{"href":"https:\/\/www.siah-croult.org\/_old\/wp-json\/wp\/v2\/pages"}],"about":[{"href":"https:\/\/www.siah-croult.org\/_old\/wp-json\/wp\/v2\/types\/page"}],"author":[{"embeddable":true,"href":"https:\/\/www.siah-croult.org\/_old\/wp-json\/wp\/v2\/users\/1"}],"replies":[{"embeddable":true,"href":"https:\/\/www.siah-croult.org\/_old\/wp-json\/wp\/v2\/comments?post=3138"}],"version-history":[{"count":11,"href":"https:\/\/www.siah-croult.org\/_old\/wp-json\/wp\/v2\/pages\/3138\/revisions"}],"predecessor-version":[{"id":5435,"href":"https:\/\/www.siah-croult.org\/_old\/wp-json\/wp\/v2\/pages\/3138\/revisions\/5435"}],"wp:attachment":[{"href":"https:\/\/www.siah-croult.org\/_old\/wp-json\/wp\/v2\/media?parent=3138"}],"curies":[{"name":"wp","href":"https:\/\/api.w.org\/{rel}","templated":true}]}}