{"id":2012,"date":"2013-04-29T15:07:07","date_gmt":"2013-04-29T14:07:07","guid":{"rendered":"https:\/\/www.siah-croult.org\/_old\/?page_id=2012"},"modified":"2017-01-12T14:34:44","modified_gmt":"2017-01-12T13:34:44","slug":"modelisation","status":"publish","type":"page","link":"https:\/\/www.siah-croult.org\/_old\/prevention-des-inondations\/modelisation\/","title":{"rendered":"Mod\u00e9lisation"},"content":{"rendered":"<div class=\"col-sm-12\">\n<blockquote><p>La mod\u00e9lisation des flux hydrauliques consiste \u00e0 simuler informatiquement le comportement des eaux us\u00e9es et des eaux pluviales. Le mod\u00e8le informatique int\u00e8gre l\u2019ensemble des \u00e9l\u00e9ments intervenants dans ces ph\u00e9nom\u00e8nes (d\u00e9bits, dimension des canalisations, pentes, etc.) afin de comprendre ou de pr\u00e9voir les raisons de certains dysfonctionnements.<\/p><\/blockquote>\n<\/div>\n<div class=\"clearfix\"><\/div>\n<hr \/>\n<div class=\"col-sm-6\">\n<h2>La mod\u00e9lisation des r\u00e9seaux hydrauliques<\/h2>\n<div class=\"p\" style=\"text-align: justify;\">L\u2019ensemble des r\u00e9seaux hydrauliques g\u00e9r\u00e9 par le SIAH du Croult et du Petit Rosne sont mod\u00e9lis\u00e9s au sein d\u2019un logiciel sp\u00e9cifique. Toutes les donn\u00e9es disponibles concernant ces r\u00e9seaux y sont int\u00e9gr\u00e9s\u00a0: diam\u00e8tre des canalisations, indice de pentes, mat\u00e9riau, rugosit\u00e9 (influe sur la vitesse d\u2019\u00e9coulement de l\u2019eau), profondeur, bref toutes donn\u00e9es permettant au mod\u00e8le de se rapprocher le plus de la r\u00e9alit\u00e9. Sont \u00e9galement int\u00e9gr\u00e9s les rapports des inspections t\u00e9l\u00e9vis\u00e9es (voir <a title=\"Entretien des r\u00e9seaux\" href=\"https:\/\/www.siah-croult.org\/_old\/prevention-des-pollutions\/entretien-des-reseaux\/\">entretien des r\u00e9seaux<\/a>).<\/div>\n<\/div>\n<div class=\"col-sm-6\"><img decoding=\"async\" class=\"img-responsive\" style=\"margin-top: 30px;\" src=\"https:\/\/www.siah-croult.org\/_old\/wp-content\/uploads\/2013\/04\/img_page_modelisation_1.jpg\" \/><\/div>\n<div class=\"clearfix\"><\/div>\n<hr \/>\n<div class=\"col-sm-12\">\n<h2>L&rsquo;objectif de la mod\u00e9lisation<\/h2>\n<div class=\"p\" style=\"text-align: justify;\">L\u2019objectif d\u2019un tel mod\u00e8le est de fournir une vision du fonctionnement global du r\u00e9seau afin de repr\u00e9senter le plus fid\u00e8lement possible la r\u00e9alit\u00e9. Il est bien-s\u00fbr absolument n\u00e9cessaire de v\u00e9rifier la justesse des pr\u00e9dictions de la simulation. Si le mod\u00e8le est juste, il donnera avec pr\u00e9cision les d\u00e9bits en tel ou tel point du r\u00e9seau. Le SIAH\u00a0 dispose d\u2019un ensemble de sonde qui mesure le d\u00e9bit en temps r\u00e9el sur certain point critique des r\u00e9seaux. Il suffit de v\u00e9rifier l\u2019ad\u00e9quation des pr\u00e9dictions du mod\u00e8le avec les mesures effectivement relev\u00e9es par les sondes.<\/div>\n<h2>Utilisation de la simulation<\/h2>\n<div class=\"p\" style=\"text-align: justify;\">La simulation va permettre de d\u00e9terminer pour chaque nouveau projet d\u2019urbanisme, l\u2019impact sur les flux hydrauliques et la bonne capacit\u00e9 du r\u00e9seau \u00e0 prendre en charge les eaux us\u00e9es et pluviales suppl\u00e9mentaires g\u00e9n\u00e9r\u00e9es. Les r\u00e9sultats apport\u00e9s pourront ainsi d\u00e9clencher des travaux de redimensionnement des canalisations par exemple. Il s\u2019agit donc essentiellement d\u2019un aide importante \u00e0 la d\u00e9cision. Particuli\u00e8rement utile dans le cadre de la pr\u00e9vention des inondations, ce type de mod\u00e8le permet de mieux comprendre de tel ph\u00e9nom\u00e8ne. Il permet de plus de calculer les dimensions d\u2019un \u00e9ventuel bassin de retenue.<\/div>\n<div class=\"clearfix\"><\/div>\n<hr class=\"blank\" \/>\n<p><img decoding=\"async\" class=\"img-responsive\" src=\"https:\/\/www.siah-croult.org\/_old\/wp-content\/uploads\/2013\/04\/img_page_modelisation_2.jpg\" \/><\/p>\n<\/div>\n    <div class=\"clearfix\"><\/div>\n    <hr class=\"special\">\n    <div class=\"col-sm-12 col-parent-list-container\">\n        <h2 class=\"text-center\">Vous pouvez \u00e9galement consulter les pages suivantes<\/h2>\n        <div class=\"clearfix\"><\/div>\n        <div class=\"row\">\n                           <div class=\"col-xs-6 col-sm-3 col-parent-list\">\n                    <div class=\"element\">\n                        <a href=\"https:\/\/www.siah-croult.org\/_old\/restauration-des-rivieres\/\">\n                            <div class=\"thumbnail\" style=\"background-image: url('https:\/\/www.siah-croult.org\/_old\/wp-content\/uploads\/2013\/06\/img_page_restaurationriviere.png')\"><\/div>\n                        <\/a>\n                        <div class=\"title\"><a href=\"https:\/\/www.siah-croult.org\/_old\/restauration-des-rivieres\/\">Restauration des rivi\u00e8res<\/a><\/div>\n                    <\/div>\n                <\/div>\n                             <div class=\"col-xs-6 col-sm-3 col-parent-list\">\n                    <div class=\"element\">\n                        <a href=\"https:\/\/www.siah-croult.org\/_old\/le-siah-croult-et-petit-rosne\/\">\n                            <div class=\"thumbnail\" style=\"background-image: url('https:\/\/www.siah-croult.org\/_old\/wp-content\/uploads\/2013\/01\/img_page_fonctionnement_thumb.png')\"><\/div>\n                        <\/a>\n                        <div class=\"title\"><a href=\"https:\/\/www.siah-croult.org\/_old\/le-siah-croult-et-petit-rosne\/\">Le SIAH Croult et Petit Rosne<\/a><\/div>\n                    <\/div>\n                <\/div>\n                             <div class=\"col-xs-6 col-sm-3 col-parent-list\">\n                    <div class=\"element\">\n                        <a href=\"https:\/\/www.siah-croult.org\/_old\/prevention-des-pollutions\/\">\n                            <div class=\"thumbnail\" style=\"background-image: url('https:\/\/www.siah-croult.org\/_old\/wp-content\/uploads\/2013\/06\/img_page_preventionpollutions.jpg')\"><\/div>\n                        <\/a>\n                        <div class=\"title\"><a href=\"https:\/\/www.siah-croult.org\/_old\/prevention-des-pollutions\/\">Pr\u00e9vention des pollutions<\/a><\/div>\n                    <\/div>\n                <\/div>\n                             <div class=\"col-xs-6 col-sm-3 col-parent-list\">\n                    <div class=\"element\">\n                        <a href=\"https:\/\/www.siah-croult.org\/_old\/prevention-des-inondations\/\">\n                            <div class=\"thumbnail\" style=\"background-image: url('https:\/\/www.siah-croult.org\/_old\/wp-content\/uploads\/2013\/04\/img_page_preventioninondations.jpg')\"><\/div>\n                        <\/a>\n                        <div class=\"title\"><a href=\"https:\/\/www.siah-croult.org\/_old\/prevention-des-inondations\/\">Pr\u00e9vention des inondations<\/a><\/div>\n                    <\/div>\n                <\/div>\n                     <\/div>\n    <\/div>\n    \n","protected":false},"excerpt":{"rendered":"<p>La mod\u00e9lisation des flux hydrauliques consiste \u00e0 simuler informatiquement le comportement des eaux us\u00e9es et des eaux pluviales. Le mod\u00e8le informatique int\u00e8gre l\u2019ensemble des \u00e9l\u00e9ments intervenants dans ces ph\u00e9nom\u00e8nes (d\u00e9bits, dimension des canalisations, pentes, etc.) afin de comprendre ou de pr\u00e9voir les raisons de certains dysfonctionnements. La mod\u00e9lisation des r\u00e9seaux hydrauliques L\u2019ensemble des r\u00e9seaux hydrauliques [&hellip;]<\/p>\n","protected":false},"author":3,"featured_media":2308,"parent":2001,"menu_order":2,"comment_status":"closed","ping_status":"closed","template":"","meta":{"footnotes":""},"class_list":["post-2012","page","type-page","status-publish","has-post-thumbnail","hentry"],"_links":{"self":[{"href":"https:\/\/www.siah-croult.org\/_old\/wp-json\/wp\/v2\/pages\/2012","targetHints":{"allow":["GET"]}}],"collection":[{"href":"https:\/\/www.siah-croult.org\/_old\/wp-json\/wp\/v2\/pages"}],"about":[{"href":"https:\/\/www.siah-croult.org\/_old\/wp-json\/wp\/v2\/types\/page"}],"author":[{"embeddable":true,"href":"https:\/\/www.siah-croult.org\/_old\/wp-json\/wp\/v2\/users\/3"}],"replies":[{"embeddable":true,"href":"https:\/\/www.siah-croult.org\/_old\/wp-json\/wp\/v2\/comments?post=2012"}],"version-history":[{"count":21,"href":"https:\/\/www.siah-croult.org\/_old\/wp-json\/wp\/v2\/pages\/2012\/revisions"}],"predecessor-version":[{"id":5059,"href":"https:\/\/www.siah-croult.org\/_old\/wp-json\/wp\/v2\/pages\/2012\/revisions\/5059"}],"up":[{"embeddable":true,"href":"https:\/\/www.siah-croult.org\/_old\/wp-json\/wp\/v2\/pages\/2001"}],"wp:featuredmedia":[{"embeddable":true,"href":"https:\/\/www.siah-croult.org\/_old\/wp-json\/wp\/v2\/media\/2308"}],"wp:attachment":[{"href":"https:\/\/www.siah-croult.org\/_old\/wp-json\/wp\/v2\/media?parent=2012"}],"curies":[{"name":"wp","href":"https:\/\/api.w.org\/{rel}","templated":true}]}}