{"id":2008,"date":"2013-04-29T15:01:14","date_gmt":"2013-04-29T14:01:14","guid":{"rendered":"https:\/\/www.siah-croult.org\/_old\/?page_id=2008"},"modified":"2017-01-12T14:34:38","modified_gmt":"2017-01-12T13:34:38","slug":"urbanisme","status":"publish","type":"page","link":"https:\/\/www.siah-croult.org\/_old\/prevention-des-inondations\/urbanisme\/","title":{"rendered":"Urbanisme"},"content":{"rendered":"<div class=\"col-sm-12\">\n<blockquote><p>Au-del\u00e0 des solutions techniques face aux risques d&rsquo;inondations, le SIAH du Crout et du Petit Rosne d\u00e9veloppe des actions \u00ab\u00a0en amont\u00a0\u00bb, par des interventions lors des phases d&rsquo;\u00e9laboration et de conception des projets d&rsquo;am\u00e9nagement futurs pr\u00e9vus sur son territoire d&rsquo;action. L&rsquo;objectif de cette politique pr\u00e9ventive est de s&rsquo;assurer de la bonne prise en compte des impacts environnementaux, et plus sp\u00e9cifiquement ceux pouvant augmenter les risques d&rsquo;inondations.<\/p><\/blockquote>\n<\/div>\n<div class=\"clearfix\"><\/div>\n<hr \/>\n<div class=\"col-sm-6\">\n<h2>Avis sur les documents d&rsquo;urbanisme<\/h2>\n<div class=\"p\" style=\"text-align: justify;\">Le SIAH afin de s\u2019assurer de la coh\u00e9rence entre la politique d\u2019am\u00e9nagement du territoire et la politique de la gestion de l\u2019assainissement souhaite \u00eatre consult\u00e9 au cours de l\u2019\u00e9laboration des documents d\u2019urbanismes (SCOT, PADD et PLU) en participant aux r\u00e9unions de pr\u00e9sentation aux personnes publiques et en \u00e9mettant un avis sur les dossiers avant enqu\u00eate publique.<\/div>\n<h2>Avis sur les PLU<\/h2>\n<div class=\"p\" style=\"text-align: justify;\">Le S.I.A.H a ainsi \u00e9t\u00e9 amen\u00e9 \u00e0 \u00e9mettre des avis sur les PLU de ses communes. Les observations \u00e9mises traduisent les prescriptions g\u00e9n\u00e9rales impos\u00e9es par le SIAH\u00a0 aux communes adh\u00e9rentes. Ces prescriptions sont applicables jusqu\u2019\u00e0 ce que le zonage d\u2019assainissement,\u00a0 soit soumis \u00e0 enqu\u00eate publique. En effet, ce document (notice explicative, plan de zonage Eaux Us\u00e9es et plan de zonage Eaux Pluviales) pr\u00e9sente l\u2019int\u00e9r\u00eat d\u2019\u00eatre plus pr\u00e9cis sur les volets Eaux Us\u00e9es et Eaux Pluviales pour l\u2019ensemble des zones d\u00e9finies dans le cadre du PLU.<\/div>\n<\/div>\n<div class=\"col-sm-6\"><img decoding=\"async\" class=\"img-responsive\" style=\"margin-top: 30px;\" src=\"https:\/\/www.siah-croult.org\/_old\/wp-content\/uploads\/2013\/06\/img_page_urbanisme.jpg\" \/><\/div>\n<div class=\"clearfix\"><\/div>\n<hr \/>\n<div class=\"col-sm-12\">\n<h2>Avis sur les demandes d\u2019autorisation de construire<\/h2>\n<div class=\"p\" style=\"text-align: justify;\">Le SIAH \u00e9met un avis technique pour chacun des projets individuels \u00e0 usage d\u2019habitation (construction, extension, r\u00e9habilitation, etc.) et d\u2019am\u00e9nagements (construction ou r\u00e9habilitation de logements collectifs, d\u2019h\u00e9bergements h\u00f4teliers, de commerces ou d\u2019artisanat, d\u2019entrep\u00f4ts, de locaux commerciaux, de bureaux, d\u2019\u00e9tablissements publics, etc.) qu\u2019il re\u00e7oit :<\/div>\n<h2>Les prescriptions \u00e9mises<\/h2>\n<div class=\"p\" style=\"text-align: justify;\">Elle portent sur les eaux us\u00e9es et les eaux pluviales. Dans le cadre de l\u2019avis technique sur les eaux pluviales, le SIAH \u00e9met des prescriptions pour la gestion des eaux pluviales \u00e0 la parcelle, conform\u00e9ment au r\u00e8glement d\u2019assainissement, au zonage d\u2019eaux pluviales d\u00e9limit\u00e9 sur le territoire de la commune, si celui-ci existe, ou au r\u00e8glement du Plan Local d\u2019Urbanisme.<\/div>\n<div class=\"p\" style=\"text-align: justify;\">En effet, du fait de ses obligations de rejet aval (limit\u00e9 \u00e0 14 m3\/seconde au niveau de la confluence entre le Croult et la Mor\u00e9e), le SIAH impose aux p\u00e9titionnaires une gestion des eaux pluviales \u00e0 la parcelle en les infiltrant (si la nature du sol le permet) ou en les restituant au r\u00e9seau public avec un d\u00e9bit global maximum de 0,7 litre \/ seconde \/ hectare de parcelle.<\/div>\n<div class=\"p\" style=\"text-align: justify;\">Le SIAH calcule le volume n\u00e9cessaire au stockage des eaux pluviales du projet faisant l\u2019objet de la demande d\u2019autorisation de construire.<\/div>\n<div class=\"p\" style=\"text-align: justify;\">Ce volume est calcul\u00e9 pour assurer la r\u00e9tention des eaux pluviales d\u2019une pluie de p\u00e9riode de retour cinquantennale.<\/div>\n<div class=\"p\" style=\"text-align: justify;\">Il pourra \u00eatre mis en \u0153uvre sous la forme d\u2019ouvrage enterr\u00e9 (bassin de r\u00e9tention, canalisation surdimensionn\u00e9e, etc.), sous la forme d\u2019une toiture terrasse ou faire l\u2019objet d\u2019un am\u00e9nagement int\u00e9gr\u00e9 aux espaces verts (noues enherb\u00e9es, model\u00e9s de terrain pour \u00e9viter le ruissellement des eaux pluviales, etc.).<\/div>\n<\/div>\n    <div class=\"clearfix\"><\/div>\n    <hr class=\"special\">\n    <div class=\"col-sm-12 col-parent-list-container\">\n        <h2 class=\"text-center\">Vous pouvez \u00e9galement consulter les pages suivantes<\/h2>\n        <div class=\"clearfix\"><\/div>\n        <div class=\"row\">\n                           <div class=\"col-xs-6 col-sm-3 col-parent-list\">\n                    <div class=\"element\">\n                        <a href=\"https:\/\/www.siah-croult.org\/_old\/restauration-des-rivieres\/\">\n                            <div class=\"thumbnail\" style=\"background-image: url('https:\/\/www.siah-croult.org\/_old\/wp-content\/uploads\/2013\/06\/img_page_restaurationriviere.png')\"><\/div>\n                        <\/a>\n                        <div class=\"title\"><a href=\"https:\/\/www.siah-croult.org\/_old\/restauration-des-rivieres\/\">Restauration des rivi\u00e8res<\/a><\/div>\n                    <\/div>\n                <\/div>\n                             <div class=\"col-xs-6 col-sm-3 col-parent-list\">\n                    <div class=\"element\">\n                        <a href=\"https:\/\/www.siah-croult.org\/_old\/le-siah-croult-et-petit-rosne\/\">\n                            <div class=\"thumbnail\" style=\"background-image: url('https:\/\/www.siah-croult.org\/_old\/wp-content\/uploads\/2013\/01\/img_page_fonctionnement_thumb.png')\"><\/div>\n                        <\/a>\n                        <div class=\"title\"><a href=\"https:\/\/www.siah-croult.org\/_old\/le-siah-croult-et-petit-rosne\/\">Le SIAH Croult et Petit Rosne<\/a><\/div>\n                    <\/div>\n                <\/div>\n                             <div class=\"col-xs-6 col-sm-3 col-parent-list\">\n                    <div class=\"element\">\n                        <a href=\"https:\/\/www.siah-croult.org\/_old\/prevention-des-pollutions\/\">\n                            <div class=\"thumbnail\" style=\"background-image: url('https:\/\/www.siah-croult.org\/_old\/wp-content\/uploads\/2013\/06\/img_page_preventionpollutions.jpg')\"><\/div>\n                        <\/a>\n                        <div class=\"title\"><a href=\"https:\/\/www.siah-croult.org\/_old\/prevention-des-pollutions\/\">Pr\u00e9vention des pollutions<\/a><\/div>\n                    <\/div>\n                <\/div>\n                             <div class=\"col-xs-6 col-sm-3 col-parent-list\">\n                    <div class=\"element\">\n                        <a href=\"https:\/\/www.siah-croult.org\/_old\/prevention-des-inondations\/\">\n                            <div class=\"thumbnail\" style=\"background-image: url('https:\/\/www.siah-croult.org\/_old\/wp-content\/uploads\/2013\/04\/img_page_preventioninondations.jpg')\"><\/div>\n                        <\/a>\n                        <div class=\"title\"><a href=\"https:\/\/www.siah-croult.org\/_old\/prevention-des-inondations\/\">Pr\u00e9vention des inondations<\/a><\/div>\n                    <\/div>\n                <\/div>\n                     <\/div>\n    <\/div>\n    \n","protected":false},"excerpt":{"rendered":"<p>Au-del\u00e0 des solutions techniques face aux risques d&rsquo;inondations, le SIAH du Crout et du Petit Rosne d\u00e9veloppe des actions \u00ab\u00a0en amont\u00a0\u00bb, par des interventions lors des phases d&rsquo;\u00e9laboration et de conception des projets d&rsquo;am\u00e9nagement futurs pr\u00e9vus sur son territoire d&rsquo;action. L&rsquo;objectif de cette politique pr\u00e9ventive est de s&rsquo;assurer de la bonne prise en compte des [&hellip;]<\/p>\n","protected":false},"author":3,"featured_media":2293,"parent":2001,"menu_order":1,"comment_status":"closed","ping_status":"closed","template":"","meta":{"footnotes":""},"class_list":["post-2008","page","type-page","status-publish","has-post-thumbnail","hentry"],"_links":{"self":[{"href":"https:\/\/www.siah-croult.org\/_old\/wp-json\/wp\/v2\/pages\/2008","targetHints":{"allow":["GET"]}}],"collection":[{"href":"https:\/\/www.siah-croult.org\/_old\/wp-json\/wp\/v2\/pages"}],"about":[{"href":"https:\/\/www.siah-croult.org\/_old\/wp-json\/wp\/v2\/types\/page"}],"author":[{"embeddable":true,"href":"https:\/\/www.siah-croult.org\/_old\/wp-json\/wp\/v2\/users\/3"}],"replies":[{"embeddable":true,"href":"https:\/\/www.siah-croult.org\/_old\/wp-json\/wp\/v2\/comments?post=2008"}],"version-history":[{"count":30,"href":"https:\/\/www.siah-croult.org\/_old\/wp-json\/wp\/v2\/pages\/2008\/revisions"}],"predecessor-version":[{"id":5058,"href":"https:\/\/www.siah-croult.org\/_old\/wp-json\/wp\/v2\/pages\/2008\/revisions\/5058"}],"up":[{"embeddable":true,"href":"https:\/\/www.siah-croult.org\/_old\/wp-json\/wp\/v2\/pages\/2001"}],"wp:featuredmedia":[{"embeddable":true,"href":"https:\/\/www.siah-croult.org\/_old\/wp-json\/wp\/v2\/media\/2293"}],"wp:attachment":[{"href":"https:\/\/www.siah-croult.org\/_old\/wp-json\/wp\/v2\/media?parent=2008"}],"curies":[{"name":"wp","href":"https:\/\/api.w.org\/{rel}","templated":true}]}}