{"id":1973,"date":"2013-04-29T14:16:26","date_gmt":"2013-04-29T13:16:26","guid":{"rendered":"https:\/\/www.siah-croult.org\/_old\/?page_id=1973"},"modified":"2016-09-28T11:02:00","modified_gmt":"2016-09-28T10:02:00","slug":"prevention-des-pollutions","status":"publish","type":"page","link":"https:\/\/www.siah-croult.org\/_old\/prevention-des-pollutions\/","title":{"rendered":"Pr\u00e9vention des pollutions"},"content":{"rendered":"<div class=\"col-sm-12\">\n<blockquote>\n<div class=\"p\">Territoire fortement urbanis\u00e9 au sud, l&rsquo;Est du Val d&rsquo;Oise se distingue par une importante activit\u00e9 agricole, en particulier au Nord. Les activit\u00e9s industrielles ne sont pas en reste puisqu&rsquo;elles ne cessent de se d\u00e9velopper.<\/div>\n<\/blockquote>\n<\/div>\n<div class=\"clearfix\"><\/div>\n<hr \/>\n<div class=\"col-sm-6\">\n<div class=\"p\" style=\"text-align: justify;\">Tout ceci t\u00e9moigne d&rsquo;un dynamisme \u00e9conomique et social continue et n\u00e9cessite bien s\u00fbr l&rsquo;adaptation des infrastructures en terme de gestion des r\u00e9seaux hydrauliques.<\/div>\n<h2>La protection de l\u2019eau &#8230;<\/h2>\n<div class=\"p\" style=\"text-align: justify;\">Mais une autre n\u00e9cessit\u00e9 s\u2019impose pour le SIAH du Crout et du Petit Rosne, celle de la protection de l&rsquo;eau face \u00e0 des pollutions d&rsquo;origine diverses (domestiques, agricoles et industrielles).<\/div>\n<div class=\"p\" style=\"text-align: justify;\">Au-del\u00e0 des op\u00e9rations curatives, lors de pollutions des cours d&rsquo;eau, qui se traduisent par des interventions directes pour bloquer puis absorber les polluants (lorsqu&rsquo;il n&rsquo;est pas trop tard) puis \u00e0 rechercher l&rsquo;origine de la pollution, le SIAH d\u00e9veloppe un ensemble d&rsquo;actions visant \u00e0 r\u00e9duire les pollutions \u00e0 la source : mauvais branchements, rejets industriels, produits phytosanitaires, \u00e9tanch\u00e9it\u00e9 et bon \u00e9tat des r\u00e9seaux d&rsquo;eaux us\u00e9es, sensibilisation des usagers, etc.<\/div>\n<\/div>\n<div class=\"col-sm-6\"><img decoding=\"async\" class=\"img-responsive\" src=\"https:\/\/www.siah-croult.org\/_old\/wp-content\/uploads\/2013\/06\/img_page_preventionpollutions.jpg\" \/><\/p>\n<div class=\"img-notice\">Rejet industriel dans l&rsquo;Est du val d&rsquo;Oise<\/div>\n<\/div>\n    <div class=\"clearfix\"><\/div>\n    <hr class=\"special\">\n    <div class=\"col-sm-12 col-parent-list-container\">\n        <h2 class=\"text-center\">Vous pouvez \u00e9galement consulter les pages suivantes<\/h2>\n        <div class=\"clearfix\"><\/div>\n        <div class=\"row\">\n                           <div class=\"col-xs-6 col-sm-3 col-parent-list\">\n                    <div class=\"element\">\n                        <a href=\"https:\/\/www.siah-croult.org\/_old\/restauration-des-rivieres\/\">\n                            <div class=\"thumbnail\" style=\"background-image: url('https:\/\/www.siah-croult.org\/_old\/wp-content\/uploads\/2013\/06\/img_page_restaurationriviere.png')\"><\/div>\n                        <\/a>\n                        <div class=\"title\"><a href=\"https:\/\/www.siah-croult.org\/_old\/restauration-des-rivieres\/\">Restauration des rivi\u00e8res<\/a><\/div>\n                    <\/div>\n                <\/div>\n                             <div class=\"col-xs-6 col-sm-3 col-parent-list\">\n                    <div class=\"element\">\n                        <a href=\"https:\/\/www.siah-croult.org\/_old\/le-siah-croult-et-petit-rosne\/\">\n                            <div class=\"thumbnail\" style=\"background-image: url('https:\/\/www.siah-croult.org\/_old\/wp-content\/uploads\/2013\/01\/img_page_fonctionnement_thumb.png')\"><\/div>\n                        <\/a>\n                        <div class=\"title\"><a href=\"https:\/\/www.siah-croult.org\/_old\/le-siah-croult-et-petit-rosne\/\">Le SIAH Croult et Petit Rosne<\/a><\/div>\n                    <\/div>\n                <\/div>\n                             <div class=\"col-xs-6 col-sm-3 col-parent-list\">\n                    <div class=\"element\">\n                        <a href=\"https:\/\/www.siah-croult.org\/_old\/prevention-des-pollutions\/\">\n                            <div class=\"thumbnail\" style=\"background-image: url('https:\/\/www.siah-croult.org\/_old\/wp-content\/uploads\/2013\/06\/img_page_preventionpollutions.jpg')\"><\/div>\n                        <\/a>\n                        <div class=\"title\"><a href=\"https:\/\/www.siah-croult.org\/_old\/prevention-des-pollutions\/\">Pr\u00e9vention des pollutions<\/a><\/div>\n                    <\/div>\n                <\/div>\n                             <div class=\"col-xs-6 col-sm-3 col-parent-list\">\n                    <div class=\"element\">\n                        <a href=\"https:\/\/www.siah-croult.org\/_old\/prevention-des-inondations\/\">\n                            <div class=\"thumbnail\" style=\"background-image: url('https:\/\/www.siah-croult.org\/_old\/wp-content\/uploads\/2013\/04\/img_page_preventioninondations.jpg')\"><\/div>\n                        <\/a>\n                        <div class=\"title\"><a href=\"https:\/\/www.siah-croult.org\/_old\/prevention-des-inondations\/\">Pr\u00e9vention des inondations<\/a><\/div>\n                    <\/div>\n                <\/div>\n                     <\/div>\n    <\/div>\n    \n","protected":false},"excerpt":{"rendered":"<p> Territoire fortement urbanis\u00e9 au sud, l&rsquo;Est du Val d&rsquo;Oise se distingue par une importante activit\u00e9 agricole, en particulier au Nord. Les activit\u00e9s industrielles ne sont pas en reste puisqu&rsquo;elles ne cessent de se d\u00e9velopper.<\/p>\n","protected":false},"author":3,"featured_media":2216,"parent":0,"menu_order":4,"comment_status":"closed","ping_status":"closed","template":"","meta":{"footnotes":""},"class_list":["post-1973","page","type-page","status-publish","has-post-thumbnail","hentry"],"_links":{"self":[{"href":"https:\/\/www.siah-croult.org\/_old\/wp-json\/wp\/v2\/pages\/1973","targetHints":{"allow":["GET"]}}],"collection":[{"href":"https:\/\/www.siah-croult.org\/_old\/wp-json\/wp\/v2\/pages"}],"about":[{"href":"https:\/\/www.siah-croult.org\/_old\/wp-json\/wp\/v2\/types\/page"}],"author":[{"embeddable":true,"href":"https:\/\/www.siah-croult.org\/_old\/wp-json\/wp\/v2\/users\/3"}],"replies":[{"embeddable":true,"href":"https:\/\/www.siah-croult.org\/_old\/wp-json\/wp\/v2\/comments?post=1973"}],"version-history":[{"count":39,"href":"https:\/\/www.siah-croult.org\/_old\/wp-json\/wp\/v2\/pages\/1973\/revisions"}],"predecessor-version":[{"id":4899,"href":"https:\/\/www.siah-croult.org\/_old\/wp-json\/wp\/v2\/pages\/1973\/revisions\/4899"}],"wp:featuredmedia":[{"embeddable":true,"href":"https:\/\/www.siah-croult.org\/_old\/wp-json\/wp\/v2\/media\/2216"}],"wp:attachment":[{"href":"https:\/\/www.siah-croult.org\/_old\/wp-json\/wp\/v2\/media?parent=1973"}],"curies":[{"name":"wp","href":"https:\/\/api.w.org\/{rel}","templated":true}]}}